29 + 18314. Determine b(h).
-24
Let g(y) = 11*y - 2. Let m(f) = -6*f + 20 - 39 + 20. Let u(p) = 6*g(p) + 10*m(p). What is u(2)?
10
Let n be -1*((-243)/(-18) + -14). Let k(h) be the second derivative of 7*h - n*h**4 + 1/20*h**5 + 0*h**2 - 1/6*h**3 + 0. Calculate k(6).
-6
Let b(q) = -3*q**2 + 14*q - 2. Let i be (-1 - -4)*3*(4 - 3). Suppose -30 = -i*n + 3*n. What is b(n)?
-7
Suppose 60*c + 462 = -18. Let q(f) = 9*f**2 + 72*f. Determine q(c).
0
Suppose -61*j + 240 = 19*j. Let c(n) be the third derivative of n**6/720 - n**5/40 - n**4/4 + n**2. Let w(d) be the second derivative of c(d). Calculate w(j).
0
Let k(j) be the second derivative of 19*j**4/12 - j**3/2 - 9*j**2/2 - 9417*j. Calculate k(-2).
73
Let q(s) = -s**2 - s + 349. Let p = 8172 - 8191. Calculate q(p).
7
Let b(s) = 5*s - 4. Let g(u) = -25*u + 23. Let x(z) = 24*z - 23. Let f(w) = 4*g(w) + 3*x(w). Let l(r) = 34*b(r) + 6*f(r). What is l(-9)?
-16
Let l(y) = -17*y - 132. Suppose 7*h - 176 = -232. Determine l(h).
4
Let u(z) = z**3 + z - 1. Let d(y) = 2*y + 21. Let k be d(7). Suppose 5*n - k + 10 = 0. Suppose 5*m - 6*m = -n*m. What is u(m)?
-1
Let b(s) = 4*s + 3065*s**3 - 13 + 0*s - 3064*s**3 - s**2 - 8*s**2. What is b(9)?
23
Let t(r) be the first derivative of r**4/4 - 2*r**3 - 7*r**2/2 + 5*r + 1505. Suppose 0 = -4*s + 2*s - 6. Let j = s + 10. Give t(j).
5
Suppose r = 4*n - 6, -2*r + 4 = -n + 2. Let h(v) = -10*v - v**2 - n + 1 + 6*v. Give h(3).
-22
Let a(l) be the first derivative of -l**3/3 + 3*l**2 - l - 5. Suppose 6*r - 5*n = 3*r + 147, -4*r + 3*n = -196. Suppose 0 = -15*b + r + 26. What is a(b)?
4
Let p(h) = -h**3 - 5*h**2 - h. Suppose -65 = -12*j + 7*j. Let y be 8*(-2 - 0/(-3)). Let a = y + j. What is p(a)?
-15
Let z(b) = 12*b - 1. Let c(f) = 55*f - 5. Let i(y) = c(y) - 4*z(y). Suppose -19*k = -25*k - 18. What is i(k)?
-22
Let f(b) = b**3 - 55*b**2 + 50*b + 233. Let s be f(54). Let w(m) = 4*m - 55. What is w(s)?
13
Let q = -3484 - -3492. Let h(o) = o**3 - 8*o**2 + 2*o - 8. Calculate h(q).
8
Let d(m) = -2*m**3 + 23*m**2 + 14*m - 26. Let j be 4/14 - (-2050)/175. Calculate d(j).
-2
Let c = 22291 + -22286. Let i(j) = -3*j**3 + 13*j**2 + 5. Determine i(c).
-45
Suppose 6*i - 3*i = 0. Let g(d) = 27 + 35 - 98 - 7*d + 4*d + 29 + 6. Calculate g(i).
-1
Let y(h) = -h**2 - 5*h + 3. Let v be y(-5). Suppose -v*n = 31 - 103. Let i be (-9)/n*4*(-8)/6. Let a(p) = -3*p**2 - 1. Determine a(i).
-13
Let o = 8159 + -8155. Let r(h) = 2 + 1 + h**3 - 4*h**2 + 1 - 3*h. Determine r(o).
-8
Let z(v) be the third derivative of -v**4/2 - 2*v**3/3 - 37*v**2 - 2*v - 3. Calculate z(3).
-40
Let j(m) = -24 + 45 + 3*m - 26. Suppose h = 5*h + 68. Let z(y) = 9*y - 15. Let u(l) = h*j(l) + 6*z(l). What is u(4)?
7
Let b(p) = 2*p**3 - 63*p**2 - 34*p + 54. Let c(m) = -m**3 - 23*m**2 + 160*m + 592. Let n be c(-28). Give b(n).
-10
Let h(m) = -m - 12. Let a(d) = 2*d**3 - 44*d**2 - 15*d - 29. Let x be a(22). Let q = 349 + x. Give h(q).
-2
Let w be (-3 + 3/6)*(48/10)/(-12). Let y(g) = 4*g + 11. Calculate y(w).
15
Let x(c) = 3*c + 6*c + 32 - 21 - 15. Let q(z) = 8*z - 5. Let t(v) = 4*q(v) - 5*x(v). Determine t(-1).
13
Let g(f) = -f**3 - 10*f**2 - 29*f - 5. Suppose -2752 = 363*p + 325*p. Determine g(p).
15
Let i(a) = -a**2 + a + 3. Suppose 0*u + 22 = -u + 4*h, -5*h = -25. Let v be u/(-9)*144/(-16). Determine i(v).
-3
Let f(n) = -77*n - 96*n**2 + 1 - 1 + 114*n**2 + 78*n. Let x(s) = -s. Let u be x(-1). Calculate f(u).
19
Let i(t) = -3*t**3 - 11*t**2 - 21*t + 5. Let u(l) = 5*l**3 + 15*l**2 + 22*l - 6. Let d(k) = 3*i(k) + 2*u(k). Give d(6).
-3
Let k(j) = -34*j - 238. Suppose 1279 = -617*m - 3040. Calculate k(m).
0
Let x(v) = -v**2 + 9*v - 1. Let q(o) = -o**3 - 7*o**2 - 90*o - 16. Let a(c) = -q(c) - 12*x(c). Determine a(-20).
-12
Let w(p) = -21*p**2 + 16*p + 20. Let u = 129 - 127. Let i(c) = 4*c**2 - 3*c - 4. Let k(f) = u*w(f) + 11*i(f). What is k(3)?
11
Let o = 37 - 26. Let l(f) = -8*f**3 - 8*f**2 + 5*f - 6. Let b(d) = -15*d**3 - 15*d**2 + 9*d - 11. Let z(g) = o*l(g) - 6*b(g). Let c = 504 + -505. Give z(c).
-1
Let m(i) = -i + 5. Let t(u) be the first derivative of -3*u**2/2 - 7*u - 137. Let f(r) = -4*m(r) + t(r). What is f(11)?
-16
Let s be (-108)/918 - 20/(-17)*-1*5. Let y(c) = -c**2 + 5*c - 10. What is y(s)?
-76
Let v(r) be the first derivative of r**4/4 - 7*r**3/3 + 3*r**2 - r + 2. Let p be (-6)/(40/(-25) + 2 + (-7)/5). Give v(p).
-1
Let l(b) = -b + 1. Let t(n) = 1 - 430*n + 427*n + n**2 - 1. Let s(y) = 5*l(y) - t(y). Suppose 5*x = v + 2*v + 35, -3*v = -2*x + 23. What is s(x)?
-19
Suppose -53*p + 56*p - 3*y + 3 = 0, 2*p - 10 = 5*y. Let g(o) = o**3 + 3*o**2 - 7*o + 2. Determine g(p).
-13
Let m(k) = 35*k - 173. Let n = -2703 + 2708. Calculate m(n).
2
Let v(o) be the second derivative of -1/60*o**5 + 9*o + 1/6*o**3 + 1/8*o**4 + 7/2*o**2 + 0. Let j(m) be the first derivative of v(m). Determine j(4).
-3
Suppose -4*t - 2 = -2*l - 4, 4*t = -4*l + 20. Let o(i) = 3*i - 17 + 0*i - t*i + 0*i. Let z be 1/(54/176 - 14/77). Determine o(z).
-9
Let w(z) = 19*z**2 - 610*z + 63. Let k be w(32). Let s(t) = -13*t**2 + 7*t + 8. Calculate s(k).
-12
Let a(p) = 4*p - 4. Let w(y) = 7*y + 60. Let r(l) = 8*l + 59. Let s(k) = -3*r(k) + 4*w(k). Let j be s(-17). What is a(j)?
-24
Let y(j) = 9 + 16306*j**2 - 2*j + 3 - 16307*j**2. Give y(-5).
-3
Let d(t) be the first derivative of t**4/4 + 8*t**3/3 - 3*t**2/2 + t - 353. Calculate d(-8).
25
Let l = 2088 - 2095. Let m(b) = b**3 + 9*b**2 + 13*b + 15. Determine m(l).
22
Let b(p) = p**3 - 6*p**2 + 3*p - 6. Let z be 11/55 + 49/5. Let c be 0 + 4/5*75/z. Calculate b(c).
12
Suppose 32*i - 17 - 25 = 22. Let o(n) be the second derivative of 0 + 1/2*n**2 - 1/6*n**3 + n. Determine o(i).
-1
Let t = 89 - 93. Let n be (-3 - t)*0 + 2. Suppose -d + l = n*d - 5, -3*l + 12 = 0. Let k(q) = -q**3 + 2*q**2 + 3*q - 2. Determine k(d).
-2
Let q(w) = -w**3 + 6*w**2 - 7*w + 7. Let x(c) = -5*c**3 + 6*c**2 - 5*c + 10. Let i be x(4). Let n = -119 - i. Let v = n - 110. What is q(v)?
-3
Let g = 829 - 836. Let i(a) = -8*a - 18. Give i(g).
38
Let m(y) be the first derivative of -y**6/120 + y**5/60 - y**4/8 + y**3/6 + y**2 + 11*y + 55. Let g(i) be the second derivative of m(i). What is g(2)?
-9
Suppose 4*r - 9 = -1. Let v(x) = -4*x + 1. Let i(w) = -3*w. Let t = -18 + 20. Let p(h) = t*i(h) - 3*v(h). Give p(r).
9
Let w(d) = d + 2609 - 2769 + d + 6*d. Determine w(20).
0
Let d be (2/4)/(1/2). Let l = -502 - -502. Let u(o) = -5 + l + 0 - o + 3 + 1. Give u(d).
-2
Let w(r) = -5*r - 7. Let y(d) = 0 + 19*d**2 - 8*d**2 - 10*d**2 - 2 - 25*d. Let s be y(25). Give w(s).
3
Let b(z) = 4*z - 6. Let y(j) = -3*j - 13 - 17*j + 32 + 13. Let r(d) = -11*b(d) - 2*y(d). Let u = -5 + 8. What is r(u)?
-10
Let x = 35 + 58. Suppose -x*c = -97*c - 36. Let u(q) = -q**3 - 10*q**2 - 9*q + 12. Calculate u(c).
12
Let b(i) = -3*i - 4*i + 132 + 5*i + 124 - 3*i. What is b(51)?
1
Let a(z) = -10*z - 2. Suppose 0 = 118*t - 68*t + 50. Give a(t).
8
Let p(v) = 6*v**2 + 12*v**3 - 11*v**3 - 3*v - 7 + 3. Suppose 108 = -38*z + 44*z. Suppose 21*i - z*i + f + 24 = 0, 0 = -3*i + f - 18. Calculate p(i).
-32
Let l(w) = -6 + 2*w**2 - 6*w**2 + 7 - 5*w + w**3. Let p(m) = 2*m**2 - 6*m - 4. Let i be p(4). Suppose -j - i = -9. Determine l(j).
1
Let u(d) = -2*d**2 - 29*d + 22. Let r = 7360 + -7376. What is u(r)?
-26
Suppose 4*j + 15 = -p, -j - 29 = 5*p + 8. Let d be p - -7 - (-2 - (-1)/(-1)). Let c(v) = -1 + d + v + 4 - 2. What is c(-7)?
-3
Let h = -7 + 9. Let v(f) = 20 + h*f - 18 - f. Let n(o) = 3*o + 5. Let g(u) = -2*n(u) + 5*v(u). Determine g(-6).
6
Suppose 4*g - 3 - 1 = 0. Let k(m) = 4*m**3 + 3*m**2 - 4*m + 10. Let d(y) = -5*y**3 - 4*y**2 + 5*y - 12. Let p(t) = 5*d(t) + 6*k(t). Determine p(g).
-2
Let l(d) be the third derivative of -d**6/120 - d**5/20 + d**4/3 + 3*d**3 + 2125*d**2. Give l(-4).
2
Suppose 4*l - 15 = -63. Let i(u) = 3*u + 22755 - 5*u - 3*u + 3*u - 22777. Give i(l).
2
Let q be (-2)/((-20)/15)*6/3. Let h(d) = -2*d**3 + 301*d**2 + 0*d**3 - 3 - 304*d**2 - 4*d + 0*d**q. Determine h(-2).
9
Let t = 5601 - 5601. Let l(s) = -3*s + 38. Determine l(t).
38
Let k = -446 - -450. Let r(o) = -2*o - 5. Let q be r(-4). Let y(t) = -15 + 16 + q*t + 2*t - k*t. Determine y(2).
3
Let u(x) = 8*x - 32. Let p be u(4). Suppose 3*l + 9 = p, g = 4*g + 5*l + 6. Let f(o) = -3*o**2 - o + 4. Give f(g).
-26
Let b(t) = 648*t + 